{"id":64,"date":"2016-11-24T19:52:02","date_gmt":"2016-11-24T18:52:02","guid":{"rendered":"http:\/\/makalausmat.no\/?page_id=64"},"modified":"2026-02-13T10:17:09","modified_gmt":"2026-02-13T09:17:09","slug":"selskapslokaler","status":"publish","type":"page","link":"http:\/\/makalausmat.no\/?page_id=64","title":{"rendered":"Utleige\/Meny &#8211; Makalaus Mat"},"content":{"rendered":"\n<p><\/p>\n\n\n<h4>Me har trivelege m\u00f8terom og flotte selskapslokaler i ulike st\u00f8rrelser. Her kan de ha minnesamv\u00e6r, bryllaup, m\u00f8te, bursdag, d\u00e5p og konfirmasjon. Eller berre eit triveleg\u00a0lag med vener og kjente!<\/h4>\n<p><strong>Prisliste:<\/strong><\/p>\n<p><strong><em>Minnesamv\u00e6r:<\/em><\/strong><\/p>\n<p>Meny:<\/p>\n<p>Sm\u00e5mat med lefsekling og loff (2 gonger servering), marsipankake, sjokoladekake og kaffe. <span style=\"font-size: revert;\">Pris: 475 kr. pr. pers.<\/span><\/p>\n<p><strong><em>Prisen inkluderer leige av lokale, dekking, kvite dukar, serviettar og lys.<\/em><\/strong><\/p>\n<p>Ynskjer de fleire kakeslag ordner me det med tillegg i prisen.<\/p>\n<p>______________________________________________________________________________<\/p>\n<p><em>Barned\u00e5p, konfirmasjon, bryllaup, festleg lag, ol.<\/em><\/p>\n<p><em><strong>Prisen inkluderer lokale, servering, dekking, kvite dukar, serviettar og lys.<\/strong><\/em><\/p>\n<p>Sm\u00e5mat: 350 kr. pr.pers<\/p>\n<p><em>Denne er heimelaga av Makalaus Mat. Blir servert to gonger med 2 stk. lefsekling pr.pers. og loff.\u00a0<\/em><\/p>\n<p><strong>Spekemat og buffet:<\/strong><\/p>\n<ul>\n<li>\n<p>Spekemat: 315 kr pr.pers.<\/p>\n<\/li>\n<li>\n<p>Buffet: 400kr pr.pers<\/p>\n<\/li>\n<\/ul>\n<p><em><span style=\"color: initial;\">Karbonader, h\u00e5ndpillede reker, spekeskinke, roastbiff, r\u00f8ykelaks, egger\u00f8re, potetsalat, gr\u00f8nn salat og aioli<\/span><\/em><\/p>\n<ul>\n<li>\n<p>Buffet inkludert gryterett og ris: 450kr pr.pers.<\/p>\n<\/li>\n<\/ul>\n<p>Vert servert med br\u00f8d og sm\u00f8r.<\/p>\n<p>&nbsp;<\/p>\n<p><strong><em>Gryter og lasagne<\/em><\/strong><\/p>\n<ul>\n<li>\n<p>Viltgryte: 325 kr pr. pers<\/p>\n<\/li>\n<li>\n<p>Biff stroganoff: 305 kr pr. pers<\/p>\n<\/li>\n<li>\n<p>Kyllinggryte: 305 kr pr. pers<\/p>\n<\/li>\n<li>\n<p>Lasagne: 305kr pr. pers<\/p>\n<\/li>\n<\/ul>\n<p><strong>Vert servert 2 gonger med ris, salat, br\u00f8d og sm\u00f8r evt som buffet.<\/strong><\/p>\n<p>&nbsp;<\/p>\n<p>2- og 3-retters meny lagar me etter ynskje.<br \/>P\u00e5 ein 2-retters meny serverer me hovedretten to gonger p\u00e5 fat (evt buffet), mens 3-retter serverast hovedretten ei gong. \u00a0 \u00a0 \u00a0 \u00a0<br \/>Pris ligg fr\u00e5 475kr og oppover avhengig av kva r\u00e5varer de ynskjer.<\/p>\n<p>&nbsp;<\/p>\n<p><strong><em>Pris kaffe, dessert og kake:<\/em><\/strong><\/p>\n<p>Kaffe og dessert\/kake: 100kr pr.pers<\/p>\n<p>Kaffe, dessert og kake: 150kr pr.pers<\/p>\n<p>Ynskjer de fleire kakeslag ordner me det med tillegg i prisen.<\/p>\n<p>Om de kun ynskjer kaffe, men vil ha med eigne kaker koster dette kr 75kr pr.pers. for oppdekking.<\/p>\n<p><strong>Born under 2 \u00e5r og vaksne over 100 \u00e5r f\u00e5r gratis servering. For dei fr\u00e5 2 \u00e5r &#8211; 100 \u00e5r er\u00a0 det same pris (dette fordi det er ein &laquo;pakkepris&raquo; p\u00e5 b\u00e5de mat og lokale).<\/strong><\/p>\n<p>_____________________________________________________________________________<\/p>\n<p><strong><em>Leige av m\u00f8terom uten mat:<\/em><\/strong><\/p>\n<p>1500\/2000kr<\/p>\n<ul>\n<li>\n<p><em>Fram til kl. 22.00<\/em><\/p>\n<\/li>\n<\/ul>\n<p><strong><em>M\u00f8te-mat:<\/em><\/strong><\/p>\n<ul>\n<li>\n<p>Kaffe og kake: 150 kr pr.pers.<\/p>\n<\/li>\n<li>\n<p>P\u00e5smurt, kaffe og kake: 195 kr pr.pers.<\/p>\n<\/li>\n<\/ul>\n<p>_________________________________________________________________________<\/p>\n<p><strong><em>Drikke:<\/em><\/strong><\/p>\n<p>Ta kontakt for pris<\/p>\n<p>Festsalen\/Matsalen\/salong\/bibliotek:<\/p>\n<p><em>Skjenking fram til kl. 22:30. Stenger 23:00<\/em><\/p>\n<p>Ta kontakt med oss for meir info om meny, prisar og reservasjon. Me kan skreddersy pakker ut i fr\u00e5 behov!<\/p>\n<p>Tlf: 90 54 77 30<\/p>\n<p>E-mail: post@makalausmat.no<\/p>\n<div class=\"content\">\u00a0<\/div>","protected":false},"excerpt":{"rendered":"<p>Me har trivelege m\u00f8terom og flotte selskapslokaler i ulike st\u00f8rrelser. Her kan de ha minnesamv\u00e6r, bryllaup, m\u00f8te, bursdag, d\u00e5p og konfirmasjon. Eller berre eit triveleg\u00a0lag med vener og kjente! Prisliste: Minnesamv\u00e6r: Meny: Sm\u00e5mat med lefsekling og loff (2 gonger servering), marsipankake, sjokoladekake og kaffe. Pris: 475 kr. pr. pers. Prisen inkluderer leige av lokale, dekking, kvite dukar, serviettar og lys. Ynskjer de fleire kakeslag ordner me det med tillegg i prisen. ______________________________________________________________________________ Barned\u00e5p, konfirmasjon, bryllaup, festleg lag, ol. Prisen inkluderer lokale, servering, dekking, kvite dukar, serviettar og lys. Sm\u00e5mat: 350 kr. pr.pers Denne er heimelaga av Makalaus Mat. Blir servert&#8230; <\/p>\n","protected":false},"author":1,"featured_media":0,"parent":0,"menu_order":0,"comment_status":"closed","ping_status":"closed","template":"","meta":{"footnotes":""},"class_list":["post-64","page","type-page","status-publish","hentry"],"_links":{"self":[{"href":"http:\/\/makalausmat.no\/index.php?rest_route=\/wp\/v2\/pages\/64","targetHints":{"allow":["GET"]}}],"collection":[{"href":"http:\/\/makalausmat.no\/index.php?rest_route=\/wp\/v2\/pages"}],"about":[{"href":"http:\/\/makalausmat.no\/index.php?rest_route=\/wp\/v2\/types\/page"}],"author":[{"embeddable":true,"href":"http:\/\/makalausmat.no\/index.php?rest_route=\/wp\/v2\/users\/1"}],"replies":[{"embeddable":true,"href":"http:\/\/makalausmat.no\/index.php?rest_route=%2Fwp%2Fv2%2Fcomments&post=64"}],"version-history":[{"count":117,"href":"http:\/\/makalausmat.no\/index.php?rest_route=\/wp\/v2\/pages\/64\/revisions"}],"predecessor-version":[{"id":916,"href":"http:\/\/makalausmat.no\/index.php?rest_route=\/wp\/v2\/pages\/64\/revisions\/916"}],"wp:attachment":[{"href":"http:\/\/makalausmat.no\/index.php?rest_route=%2Fwp%2Fv2%2Fmedia&parent=64"}],"curies":[{"name":"wp","href":"https:\/\/api.w.org\/{rel}","templated":true}]}}