{"id":350,"date":"2022-10-10T22:04:00","date_gmt":"2022-10-10T21:04:00","guid":{"rendered":"http:\/\/makalausmat.no\/?page_id=350"},"modified":"2025-10-16T19:38:58","modified_gmt":"2025-10-16T18:38:58","slug":"kva-skjer-pa-gjestestugu","status":"publish","type":"page","link":"http:\/\/makalausmat.no\/?page_id=350","title":{"rendered":"Julemeny 2025"},"content":{"rendered":"<h1><\/h1>\n<h1><em>No er det snart jul!<\/em><\/h1>\n<p><img decoding=\"async\" src=\"https:\/\/www.naf.no\/globalassets\/lokalt\/lokalavdelinger\/ovre-ostfold\/julebord.jpg?width=450&amp;mode=pad&amp;anchor=middlecenter&amp;scale=down&amp;quality=85\" \/><\/p>\n<h3>Julemiddag, Julebord &#8211;\u00a0 Bedrift eller privat<\/h3>\n<p>M\u00e5 vere min.10 stk pr bestilling av same rett.<\/p>\n<p>For &laquo;spesialrettar&raquo;\u00a0 (allergiar, vegetar, veganer, ol) der me m\u00e5 bytte ut r\u00e5varer med andre, kan det kome tillegg i pris.<\/p>\n<h3>Ta kontakt for bestilling!<\/h3>\n<h4><\/h4>\n<h4>Julemenyen:<\/h4>\n<h5><\/h5>\n<h5>Juletallerken<\/h5>\n<ul>\n<li>Ribbe, medisterkake, p\u00f8lse, raudk\u00e5l, potet, julesaus og tytteb\u00e6r: 415 kr<\/li>\n<li>Pinnekj\u00f8tt, p\u00f8lse, k\u00e5lrabistappe, potet og sjy: 435 kr<\/li>\n<\/ul>\n<h6><\/h6>\n<h5>Julebuffet<\/h5>\n<ul>\n<li>Ribbe, medisterkake, p\u00f8lse, raudk\u00e5l, potet, julesaus og tytteb\u00e6r: 455 kr<\/li>\n<li>Pinnekj\u00f8tt, p\u00f8lse, k\u00e5lrabistappe, potet og sjy: 475 kr<\/li>\n<li>Ribbe, pinnekj\u00f8tt, p\u00f8lse, medisterkake, potet, raudk\u00e5l, k\u00e5lrabistappe, sjy, julesaus og tytteb\u00e6r: 515 kr<\/li>\n<\/ul>\n<div><\/div>\n<h5>Dessert:<\/h5>\n<ul>\n<li>Riskrem m\/heimelaga raud-saus og kaffi: 100 kr<\/li>\n<\/ul>\n<h1>*****************************<\/h1>\n<h1 style=\"text-align: left;\"><\/h1>\n<p><span style=\"font-size: inherit;\">\u00a0<\/span><\/p>\n","protected":false},"excerpt":{"rendered":"<p>No er det snart jul! Julemiddag, Julebord &#8211;\u00a0 Bedrift eller privat M\u00e5 vere min.10 stk pr bestilling av same rett. For &laquo;spesialrettar&raquo;\u00a0 (allergiar, vegetar, veganer, ol) der me m\u00e5 bytte ut r\u00e5varer med andre, kan det kome tillegg i pris. Ta kontakt for bestilling! Julemenyen: Juletallerken Ribbe, medisterkake, p\u00f8lse, raudk\u00e5l, potet, julesaus og tytteb\u00e6r: 415 kr Pinnekj\u00f8tt, p\u00f8lse, k\u00e5lrabistappe, potet og sjy: 435 kr Julebuffet Ribbe, medisterkake, p\u00f8lse, raudk\u00e5l, potet, julesaus og tytteb\u00e6r: 455 kr Pinnekj\u00f8tt, p\u00f8lse, k\u00e5lrabistappe, potet og sjy: 475 kr Ribbe, pinnekj\u00f8tt, p\u00f8lse, medisterkake, potet, raudk\u00e5l, k\u00e5lrabistappe, sjy, julesaus og tytteb\u00e6r: 515 kr Dessert: Riskrem m\/heimelaga raud-saus&#8230; <\/p>\n","protected":false},"author":1,"featured_media":873,"parent":0,"menu_order":2,"comment_status":"closed","ping_status":"closed","template":"","meta":{"footnotes":""},"class_list":["post-350","page","type-page","status-publish","has-post-thumbnail","hentry"],"_links":{"self":[{"href":"http:\/\/makalausmat.no\/index.php?rest_route=\/wp\/v2\/pages\/350","targetHints":{"allow":["GET"]}}],"collection":[{"href":"http:\/\/makalausmat.no\/index.php?rest_route=\/wp\/v2\/pages"}],"about":[{"href":"http:\/\/makalausmat.no\/index.php?rest_route=\/wp\/v2\/types\/page"}],"author":[{"embeddable":true,"href":"http:\/\/makalausmat.no\/index.php?rest_route=\/wp\/v2\/users\/1"}],"replies":[{"embeddable":true,"href":"http:\/\/makalausmat.no\/index.php?rest_route=%2Fwp%2Fv2%2Fcomments&post=350"}],"version-history":[{"count":37,"href":"http:\/\/makalausmat.no\/index.php?rest_route=\/wp\/v2\/pages\/350\/revisions"}],"predecessor-version":[{"id":897,"href":"http:\/\/makalausmat.no\/index.php?rest_route=\/wp\/v2\/pages\/350\/revisions\/897"}],"wp:featuredmedia":[{"embeddable":true,"href":"http:\/\/makalausmat.no\/index.php?rest_route=\/wp\/v2\/media\/873"}],"wp:attachment":[{"href":"http:\/\/makalausmat.no\/index.php?rest_route=%2Fwp%2Fv2%2Fmedia&parent=350"}],"curies":[{"name":"wp","href":"https:\/\/api.w.org\/{rel}","templated":true}]}}