{"id":31,"date":"2016-11-24T17:33:34","date_gmt":"2016-11-24T16:33:34","guid":{"rendered":"http:\/\/makalausmat.no\/?page_id=31"},"modified":"2026-02-12T14:56:28","modified_gmt":"2026-02-12T13:56:28","slug":"kontakt-oss","status":"publish","type":"page","link":"http:\/\/makalausmat.no\/?page_id=31","title":{"rendered":"Kontakt oss"},"content":{"rendered":"<p><strong>Kontakt oss p\u00e5 e-mail: <em>post@makalausmat.no eller p\u00e5 tlf: 90 54 77 30<\/em><\/strong><\/p>\n<p><strong>Eller kom innom Makalaus Mat, Sundrevegen 65 &#8211; \u00c5l, for ein prat.<\/strong><\/p>\n","protected":false},"excerpt":{"rendered":"<p>Kontakt oss p\u00e5 e-mail: post@makalausmat.no eller p\u00e5 tlf: 90 54 77 30 Eller kom innom Makalaus Mat, Sundrevegen 65 &#8211; \u00c5l, for ein prat.<\/p>\n","protected":false},"author":1,"featured_media":0,"parent":0,"menu_order":1,"comment_status":"closed","ping_status":"closed","template":"","meta":{"footnotes":""},"class_list":["post-31","page","type-page","status-publish","hentry"],"_links":{"self":[{"href":"http:\/\/makalausmat.no\/index.php?rest_route=\/wp\/v2\/pages\/31","targetHints":{"allow":["GET"]}}],"collection":[{"href":"http:\/\/makalausmat.no\/index.php?rest_route=\/wp\/v2\/pages"}],"about":[{"href":"http:\/\/makalausmat.no\/index.php?rest_route=\/wp\/v2\/types\/page"}],"author":[{"embeddable":true,"href":"http:\/\/makalausmat.no\/index.php?rest_route=\/wp\/v2\/users\/1"}],"replies":[{"embeddable":true,"href":"http:\/\/makalausmat.no\/index.php?rest_route=%2Fwp%2Fv2%2Fcomments&post=31"}],"version-history":[{"count":11,"href":"http:\/\/makalausmat.no\/index.php?rest_route=\/wp\/v2\/pages\/31\/revisions"}],"predecessor-version":[{"id":911,"href":"http:\/\/makalausmat.no\/index.php?rest_route=\/wp\/v2\/pages\/31\/revisions\/911"}],"wp:attachment":[{"href":"http:\/\/makalausmat.no\/index.php?rest_route=%2Fwp%2Fv2%2Fmedia&parent=31"}],"curies":[{"name":"wp","href":"https:\/\/api.w.org\/{rel}","templated":true}]}}