{"id":211,"date":"2017-01-01T14:48:00","date_gmt":"2017-01-01T13:48:00","guid":{"rendered":"http:\/\/makalausmat.no\/?page_id=211"},"modified":"2018-01-29T21:10:59","modified_gmt":"2018-01-29T20:10:59","slug":"allergeninfo","status":"publish","type":"page","link":"http:\/\/makalausmat.no\/?page_id=211","title":{"rendered":"Allergeninfo"},"content":{"rendered":"<div class=\"heading wordwrapfix\"><\/div>\n<div class=\"content\">\n<p>Allergeninfo er basert p\u00e5 standard-oppskrifter.<\/p>\n<p>Om de har allergener, og rettane de ynskjer inneheldt desse, kan rettane lagast slik at dei vert allergenfrie.<\/p>\n<p>&nbsp;<\/p>\n<p>KOLDTBORD:<\/p>\n<ul>\n<li>Wraps med r\u00f8ykelaksmouss\u00e8 (inneholder mj\u00f8lk,kveitemj\u00f8l,fisk,sulfit)<\/li>\n<li>Pepparlaks (inneholder fisk,sennep,selleri)<\/li>\n<li>Kyllingl\u00e5r (inneholder selleri)<\/li>\n<li>Karbonader (inneholder mj\u00f8lk,soya,selleri)<\/li>\n<li>Steikt lauk (inneholder mj\u00f8lk, soya)<\/li>\n<li>Spicy kyllingboller (inneholder mj\u00f8lk,soya)<\/li>\n<li>Pastasalat med skinke (inneholder mj\u00f8lk,egg,kveitemj\u00f8l,sulfit)<\/li>\n<li>Egger\u00f8re (inneholder mj\u00f8lk,egg,soya)<\/li>\n<li>Egg m\/kaviar (inneholder egg,fisk)<\/li>\n<li>Rekekabaret (inneholder mj\u00f8lk,egg,fisk,reker)<\/li>\n<li>Kryddermarinerte Reker (inneholder skalldyr)<\/li>\n<li>Remulade(inneholder mj\u00f8lk,egg)<\/li>\n<li>Waldorfsalat (inneholder mj\u00f8lk,egg,selleri,n\u00f8tter)<\/li>\n<li>Potetsalat (inneholder mj\u00f8lk,egg,sulfit)<\/li>\n<li>Kalkunbryst (inneholder mj\u00f8lk,soya)<\/li>\n<li>Roastbiff (inneholder mj\u00f8lk,soya)<\/li>\n<li>Majones (inneholder egg,sulfit)<\/li>\n<li>Br\u00f8d med sammalt kveite (inneholder mj\u00f8lk,kveitemj\u00f8l,sammalt kveite grov)<\/li>\n<li>Br\u00f8d med sammalt rug (inneholder mj\u00f8lk,kveitemj\u00f8l,sammalt rug grov)<\/li>\n<li>Loff (inneholder mj\u00f8lk,kveitemj\u00f8l)<\/li>\n<li>Speket \u00d8rret (inneholder melk,soya,fisk)<\/li>\n<li>Laksepat\u00e8 (inneholder melk,egg,fisk)<\/li>\n<li>Sennepmarinert Svinefilet (inneholder melk,soya,sennep)<\/li>\n<li>Timianstekt Kyllingbryst (inneholder melk,soya)<\/li>\n<li>Egg&amp;Rekesalat (inneholder melk,egg,skalldyr)<\/li>\n<li>CousCous med friske gr\u00f8nnsaker (inneholder melk,kveitemj\u00f8l)<\/li>\n<li>Aioli (inneholder melk,egg,sennep,sulfit)<\/li>\n<li>R\u00f8mmedressing (inneholder melk)<\/li>\n<li>Focaccia med solt\u00f8rka tomat (inneholder melk,soya,kveitemj\u00f8l)<\/li>\n<li>Grovt brytebr\u00f8d (inneholder melk,soya,kveitemj\u00f8l)<\/li>\n<\/ul>\n<p>SPEKEMAT:<\/p>\n<ul>\n<li>Egger\u00f8re (inneholder mj\u00f8lk,egg,soya)<\/li>\n<li>Potetsalat (inneholder mj\u00f8lk,egg,sulfitt)<\/li>\n<li>Flatbr\u00f8d (inneholder gluten)<\/li>\n<li>R\u00f8mme (inneholder mj\u00f8lk)<\/li>\n<\/ul>\n<p>GRYTER:<\/p>\n<ul>\n<li>Biff Stroganoff (inneholder mj\u00f8lk,soya)<\/li>\n<li>Viltgryte (inneholder mj\u00f8lk,soya)<\/li>\n<li>Fransk Oksegryte (inneholder mj\u00f8lk,soya)<\/li>\n<li>Lasagne (inneholder mj\u00f8lk,egg,soya,gluten)<\/li>\n<\/ul>\n<p>LUNSJ- OG MIDDAGSSALATAR:<\/p>\n<ul>\n<li>Pastasalat med skinke (inneholder mj\u00f8lk,egg,kveitemj\u00f8l,sulfit)<\/li>\n<li>Kyllingsalat med karry (inneholder mj\u00f8lk,egg,kveitemj\u00f8l,sulfit)<\/li>\n<li>Biffsalat (inneholder mj\u00f8lk,soya)<\/li>\n<\/ul>\n<p>KLASSISKE SM\u00d8RBR\u00d8D:<\/p>\n<ul>\n<li>Reker og majones (inneholder mj\u00f8lk,egg,kveitemj\u00f8l,reker)<\/li>\n<li>R\u00f8ykelaks og egger\u00f8re (inneholder mj\u00f8lk,egg,soya,kveitemj\u00f8l,fisk)<\/li>\n<li>Roastbiff,lauk og remulade (inneholder mj\u00f8lk,egg,kveitemj\u00f8l,soya,sulfit)<\/li>\n<li>Karbonade og steikt lauk (inneholder mj\u00f8lk,egg,soya)<\/li>\n<li>Skinke og italiensk salat (inneholder mj\u00f8lk,egg,soya,kveitemj\u00f8l)<\/li>\n<li>Spekeskinke og egger\u00f8re (inneholder mj\u00f8lk,egg,soya,kveitemj\u00f8l)<\/li>\n<\/ul>\n<p>DESSERT:<\/p>\n<ul>\n<li>Dronning Maud fromasj (inneholder mj\u00f8lk,egg,dronningsjokolade-kan inneholde spor av gluten,soya,n\u00f8tter)<\/li>\n<li>Karamellpudding (inneholder mj\u00f8lk,egg)<\/li>\n<li>Yoghurt-Lime PannaCotta (inneholder mj\u00f8lk)<\/li>\n<li>Pavlova (inneholder egg)<\/li>\n<li>Cr\u00e8me Brul\u00e8e (inneholder egg,mj\u00f8lk,fl\u00f8yte)<\/li>\n<\/ul>\n<p>KAKER:<\/p>\n<ul>\n<li>Suksessterte (inneholder mj\u00f8lk,egg,mandler,sjokolade-kan inneholde spor av gluten,soya,n\u00f8tter)<\/li>\n<li>Sjokoladekake (inneholder mj\u00f8lk,egg,kveitemj\u00f8l)<\/li>\n<li>Dronning Maud Kake (inneholder fl\u00f8te,egg,mandlar,sjokolade-kan inneholde spor av gluten,soya,n\u00f8tter)<\/li>\n<li>Bl\u00f8tkake (inneholder mj\u00f8lk,egg,kveitemj\u00f8l)<\/li>\n<li>Marsipankake (inneholder mj\u00f8lk,egg,mandlar,kveitemj\u00f8l)<\/li>\n<li>Kransekake (inneholder egg,kveitemj\u00f8l,mandlar)<\/li>\n<li>Verdens Beste (inneholder mj\u00f8lk,egg,kveitemj\u00f8l,soya,mandlar)<\/li>\n<li>Ostekake (inneholder melk,soya,n\u00f8tter,fl\u00f8yte)<\/li>\n<li>Gulrotkake (inneholder melk,egg,soya,kveitemj\u00f8l)<\/li>\n<li>Pavlova (inneholder egg)<\/li>\n<\/ul>\n<p>&nbsp;<\/p>\n<\/div>\n","protected":false},"excerpt":{"rendered":"<p>Allergeninfo er basert p\u00e5 standard-oppskrifter. Om de har allergener, og rettane de ynskjer inneheldt desse, kan rettane lagast slik at dei vert allergenfrie. &nbsp; KOLDTBORD: Wraps med r\u00f8ykelaksmouss\u00e8 (inneholder mj\u00f8lk,kveitemj\u00f8l,fisk,sulfit) Pepparlaks (inneholder fisk,sennep,selleri) Kyllingl\u00e5r (inneholder selleri) Karbonader (inneholder mj\u00f8lk,soya,selleri) Steikt lauk (inneholder mj\u00f8lk, soya) Spicy kyllingboller (inneholder mj\u00f8lk,soya) Pastasalat med skinke (inneholder mj\u00f8lk,egg,kveitemj\u00f8l,sulfit) Egger\u00f8re (inneholder mj\u00f8lk,egg,soya) Egg m\/kaviar (inneholder egg,fisk) Rekekabaret (inneholder mj\u00f8lk,egg,fisk,reker) Kryddermarinerte Reker (inneholder skalldyr) Remulade(inneholder mj\u00f8lk,egg) Waldorfsalat (inneholder mj\u00f8lk,egg,selleri,n\u00f8tter) Potetsalat (inneholder mj\u00f8lk,egg,sulfit) Kalkunbryst (inneholder mj\u00f8lk,soya) Roastbiff (inneholder mj\u00f8lk,soya) Majones (inneholder egg,sulfit) Br\u00f8d med sammalt kveite (inneholder mj\u00f8lk,kveitemj\u00f8l,sammalt kveite grov) Br\u00f8d med sammalt rug (inneholder mj\u00f8lk,kveitemj\u00f8l,sammalt rug grov)&#8230; <\/p>\n","protected":false},"author":1,"featured_media":0,"parent":0,"menu_order":0,"comment_status":"closed","ping_status":"closed","template":"","meta":{"footnotes":""},"class_list":["post-211","page","type-page","status-publish","hentry"],"_links":{"self":[{"href":"http:\/\/makalausmat.no\/index.php?rest_route=\/wp\/v2\/pages\/211","targetHints":{"allow":["GET"]}}],"collection":[{"href":"http:\/\/makalausmat.no\/index.php?rest_route=\/wp\/v2\/pages"}],"about":[{"href":"http:\/\/makalausmat.no\/index.php?rest_route=\/wp\/v2\/types\/page"}],"author":[{"embeddable":true,"href":"http:\/\/makalausmat.no\/index.php?rest_route=\/wp\/v2\/users\/1"}],"replies":[{"embeddable":true,"href":"http:\/\/makalausmat.no\/index.php?rest_route=%2Fwp%2Fv2%2Fcomments&post=211"}],"version-history":[{"count":11,"href":"http:\/\/makalausmat.no\/index.php?rest_route=\/wp\/v2\/pages\/211\/revisions"}],"predecessor-version":[{"id":419,"href":"http:\/\/makalausmat.no\/index.php?rest_route=\/wp\/v2\/pages\/211\/revisions\/419"}],"wp:attachment":[{"href":"http:\/\/makalausmat.no\/index.php?rest_route=%2Fwp%2Fv2%2Fmedia&parent=211"}],"curies":[{"name":"wp","href":"https:\/\/api.w.org\/{rel}","templated":true}]}}