{"id":21,"date":"2016-11-24T17:23:50","date_gmt":"2016-11-24T16:23:50","guid":{"rendered":"http:\/\/makalausmat.no\/?page_id=21"},"modified":"2025-03-16T20:08:57","modified_gmt":"2025-03-16T19:08:57","slug":"catering","status":"publish","type":"page","link":"http:\/\/makalausmat.no\/?page_id=21","title":{"rendered":"Catering &#8211; Spekemat og Koldtbord"},"content":{"rendered":"<div id=\"content\" class=\"container-fluid content-wrapper\">\n<div class=\"container\">\n<div class=\"row-fluid content-inner\">\n<div id=\"left\" class=\"span9\">\n<div class=\"wrapper \">\n<div class=\"content\">\n<div class=\"section article\">\n<div class=\"content\">\n<h6><strong>Dette er prisar for catering. <\/strong><\/h6>\n<h5><\/h5>\n<p><strong>Spekematen og koldtbordet vert levert p\u00e5 eigna fat, eller i eingongs-emballasje om de heller ynskjer det .<\/strong><\/p>\n<p><strong>Dersom de ynskjer andre rettar til koldtbordet; ta kontakt! Her kan me skreddersy koldtbord etter ynskje.<\/strong><\/p>\n<p>Salgs og leveringsvilk\u00e5r finn du nederst p\u00e5 sida.<\/p>\n<pre><strong>\nPris for koldtbord, sm\u00e5mat, sm\u00f8rbr\u00f8d ol i forbindelse med leige av selskapslokale\/m\u00f8terom finn de under fana \u00abUtleige\/Meny-Sundre Gjestestugu\".<\/strong><\/pre>\n<\/div>\n<div class=\"content\">\n<div class=\"section article\">\n<div class=\"content\">\n<h5><\/h5>\n<h5><\/h5>\n<\/div>\n<\/div>\n<\/div>\n<div class=\"content\">\n<h6><strong>SPEKEMAT<br \/>\n<\/strong><\/h6>\n<ul>\n<li>SPEKESKINKE<\/li>\n<li>FENAL\u00c5R<\/li>\n<li>2 TYPER SPEKEP\u00d8LSE<\/li>\n<li>EGGER\u00d8RE<\/li>\n<li>POTETSALAT<\/li>\n<li>GR\u00d8NN SALAT<\/li>\n<li>BR\u00d8D og SM\u00d8R<\/li>\n<\/ul>\n<p><strong>Pris pr person: 295 kr pr.pers.<\/strong><strong style=\"font-size: revert;\">\u00a0 \u00a0 \u00a0 \u00a0 \u00a0 \u00a0 \u00a0 \u00a0\u00a0<\/strong><\/p>\n<p>Minimum 20 personer ved bestilling.<\/p>\n<\/div>\n<h6><em><strong>STANDARD KOLDTBORD:<\/strong><\/em><\/h6>\n<div class=\"content\">\n<ul>\n<li>KARBONADER M\/LAUK (varmast av kunden)<\/li>\n<li>H\u00c5NDPILLEDE REKER<\/li>\n<li>SPEKESKINKE<\/li>\n<li>ROASTBIFF MED LAUK OG REMULADE<\/li>\n<li>R\u00d8YKELAKS<\/li>\n<li>EGGER\u00d8RE<\/li>\n<li>GR\u00d8NN SALAT<\/li>\n<li>POTETSALAT<\/li>\n<li>AIOLI<\/li>\n<li>FOCACCIA OG SM\u00d8R<\/li>\n<\/ul>\n<p><strong>Pris pr person: 350 kr pr.pers<\/strong><\/p>\n<p>Minimum 20 personer ved bestilling.<\/p>\n<h6><\/h6>\n<\/div>\n<\/div>\n<div><\/div>\n<div class=\"section article\">\n<div class=\"content\">\n<p><em>Salg-og leveringsvilk\u00e5r<\/em><\/p>\n<div class=\"content\">\n<p><em>Levering:<\/em><\/p>\n<div class=\"content\">\n<p><em>Me\u00a0leverer i heile Hallingdal. Om du vil spare deg for utgiftene ved levering, og heller hente sj\u00f8lv, kan det gjerast avtale om det.<\/em><\/p>\n<p>Me heldt tili Sundrevegen 65, \u00c5l &#8211; s\u00e5 levering\/henting foreg\u00e5r der.<\/p>\n<p><em>Prisar:<\/em><\/p>\n<p>Dei avtalte prisane er dei prisane som st\u00e5r p\u00e5 ordrebekreftinga.<\/p>\n<p>For &laquo;spesialrettar&raquo;\u00a0 (allergier, vegetar, veganer, oa) der me m\u00e5 bytte ut r\u00e5varer med det me nytter til vanleg, kan det kome tillegg i pris.<\/p>\n<h3><\/h3>\n<p>I tillegg kjem prisen for transport.<\/p>\n<p>Pris p\u00e5 levering:<br \/>\n\u2022 M\u00e5ndag &#8211; fredag: kr 20,-pr km<br \/>\n\u2022 Laurdag &#8211; sundag: kr 25,-pr km<br \/>\n\u2022 Andre helligdagar: kr 30,-pr km<\/p>\n<p><strong>Minstepris p\u00e5 levering er kr 200,-<\/strong><\/p>\n<p><em>Betaling:<\/em><br \/>\nKontantbetaling ved henting (kontant\/kort) eller faktura tilsendt p\u00e5 e-post.<\/p>\n<p><em>Utstyr:<\/em><br \/>\nMaten me leverer kan leverast p\u00e5 glassfat\/bolle, st\u00e5lfat\/bolle, bakker, termokassar, m. m (eller eingongsfat\/sk\u00e5ler &#8211; tillegg i pris) ut i fr\u00e5 det me\/de meiner h\u00f8ver best. Dette utstyr m\u00e5 leverast tilbake i rett antall innan 3 dagar.<\/p>\n<p><em>Endring av ordre:<\/em><br \/>\nViss det skal gjerast endringar p\u00e5 bestilling, m\u00e5 det skje seinast 2 dagar f\u00f8r levering.<\/p>\n<\/div>\n<\/div>\n<\/div>\n<\/div>\n<\/div>\n<\/div>\n<\/div>\n<\/div>\n<\/div>\n<\/div>\n","protected":false},"excerpt":{"rendered":"<p>Dette er prisar for catering. Spekematen og koldtbordet vert levert p\u00e5 eigna fat, eller i eingongs-emballasje om de heller ynskjer det . Dersom de ynskjer andre rettar til koldtbordet; ta kontakt! Her kan me skreddersy koldtbord etter ynskje. Salgs og leveringsvilk\u00e5r finn du nederst p\u00e5 sida. Pris for koldtbord, sm\u00e5mat, sm\u00f8rbr\u00f8d ol i forbindelse med leige av selskapslokale\/m\u00f8terom finn de under fana \u00abUtleige\/Meny-Sundre Gjestestugu&raquo;. SPEKEMAT SPEKESKINKE FENAL\u00c5R 2 TYPER SPEKEP\u00d8LSE EGGER\u00d8RE POTETSALAT GR\u00d8NN SALAT BR\u00d8D og SM\u00d8R Pris pr person: 295 kr pr.pers.\u00a0 \u00a0 \u00a0 \u00a0 \u00a0 \u00a0 \u00a0 \u00a0\u00a0 Minimum 20 personer ved bestilling. STANDARD KOLDTBORD: KARBONADER M\/LAUK (varmast&#8230; <\/p>\n","protected":false},"author":1,"featured_media":0,"parent":0,"menu_order":4,"comment_status":"closed","ping_status":"closed","template":"","meta":{"footnotes":""},"class_list":["post-21","page","type-page","status-publish","hentry"],"_links":{"self":[{"href":"http:\/\/makalausmat.no\/index.php?rest_route=\/wp\/v2\/pages\/21","targetHints":{"allow":["GET"]}}],"collection":[{"href":"http:\/\/makalausmat.no\/index.php?rest_route=\/wp\/v2\/pages"}],"about":[{"href":"http:\/\/makalausmat.no\/index.php?rest_route=\/wp\/v2\/types\/page"}],"author":[{"embeddable":true,"href":"http:\/\/makalausmat.no\/index.php?rest_route=\/wp\/v2\/users\/1"}],"replies":[{"embeddable":true,"href":"http:\/\/makalausmat.no\/index.php?rest_route=%2Fwp%2Fv2%2Fcomments&post=21"}],"version-history":[{"count":104,"href":"http:\/\/makalausmat.no\/index.php?rest_route=\/wp\/v2\/pages\/21\/revisions"}],"predecessor-version":[{"id":889,"href":"http:\/\/makalausmat.no\/index.php?rest_route=\/wp\/v2\/pages\/21\/revisions\/889"}],"wp:attachment":[{"href":"http:\/\/makalausmat.no\/index.php?rest_route=%2Fwp%2Fv2%2Fmedia&parent=21"}],"curies":[{"name":"wp","href":"https:\/\/api.w.org\/{rel}","templated":true}]}}